 are the prime factors of 70055627?
70055627
List the prime factors of 2052456500.
2, 5, 4104913
List the prime factors of 87898314.
2, 3, 7, 2092817
List the prime factors of 66849567.
3, 4519, 4931
List the prime factors of 720059905.
5, 17, 8471293
What are the prime factors of 16727875?
5, 163, 821
What are the prime factors of 91133484?
2, 3, 13, 613, 953
List the prime factors of 926751042.
2, 3, 7, 7355167
What are the prime factors of 196955009?
67, 349, 8423
What are the prime factors of 80089377?
3, 26696459
List the prime factors of 77426263.
61, 1269283
What are the prime factors of 201063927?
3, 53, 79, 16007
List the prime factors of 1223816652.
2, 3, 33994907
What are the prime factors of 59861653?
59861653
List the prime factors of 4400031401.
337, 421, 31013
What are the prime factors of 318277049?
318277049
List the prime factors of 21151615.
5, 1987, 2129
What are the prime factors of 65054?
2, 11, 2957
What are the prime factors of 152864910?
2, 3, 5, 11, 154409
What are the prime factors of 95192483?
95192483
What are the prime factors of 208712040?
2, 3, 5, 853, 2039
List the prime factors of 826531816.
2, 11, 9392407
List the prime factors of 4971655518.
2, 3, 421, 1968193
What are the prime factors of 158199265?
5, 7, 4519979
List the prime factors of 178426700.
2, 5, 31, 57557
What are the prime factors of 2100790184?
2, 262598773
What are the prime factors of 38966752?
2, 11, 31, 3571
List the prime factors of 168507239.
43, 571, 6863
List the prime factors of 1633534102.
2, 67, 113, 107881
List the prime factors of 318957598.
2, 19, 199, 42179
List the prime factors of 1824864703.
1824864703
What are the prime factors of 828506675?
5, 569, 58243
What are the prime factors of 744893731?
37, 71, 283553
What are the prime factors of 3024301232?
2, 71, 73, 36469
What are the prime factors of 278669575?
5, 1759, 6337
List the prime factors of 6118933206.
2, 3, 26713, 38177
What are the prime factors of 1004725943?
13, 77286611
List the prime factors of 142363338.
2, 3, 13, 17, 101, 1063
What are the prime factors of 3485510555?
5, 43, 107, 127, 1193
List the prime factors of 1219973120.
2, 5, 71, 839
List the prime factors of 3197390.
2, 5, 7, 45677
List the prime factors of 477233603.
7, 11, 223, 27793
What are the prime factors of 34378764?
2, 3, 7, 409271
List the prime factors of 7654144258.
2, 79, 48443951
List the prime factors of 64723217.
13, 4978709
What are the prime factors of 2103274782?
2, 3, 7, 17, 327307
What are the prime factors of 735016173?
3, 8933, 27427
What are the prime factors of 281659726?
2, 140829863
What are the prime factors of 1550327491?
37, 131, 317, 1009
List the prime factors of 6081842378.
2, 17, 199, 4517
List the prime factors of 11414922.
2, 3, 17, 29, 227
What are the prime factors of 27990466?
2, 7, 17, 53, 317
What are the prime factors of 485122757?
7, 179, 387169
What are the prime factors of 461699146?
2, 5521, 41813
List the prime factors of 141289214.
2, 11, 853, 7529
List the prime factors of 11184505.
5, 2236901
List the prime factors of 3429033230.
2, 5, 7, 719, 9733
What are the prime factors of 415924513?
3191, 130343
What are the prime factors of 226547132?
2, 7, 31, 260999
What are the prime factors of 1826624690?
2, 5, 11, 16605679
What are the prime factors of 3251066093?
11, 47, 83, 239, 317
List the prime factors of 198172644.
2, 3, 71, 232597
List the prime factors of 59312542.
2, 29656271
What are the prime factors of 119930278?
2, 13, 401, 11503
What are the prime factors of 1001232517?
1001232517
List the prime factors of 1620238273.
157, 10319989
What are the prime factors of 19501508?
2, 13, 375029
List the prime factors of 5644199882.
2, 11159, 252899
List the prime factors of 41715283.
41715283
List the prime factors of 1278682887.
3, 426227629
List the prime factors of 97450756.
2, 13, 769, 2437
What are the prime factors of 71354052?
2, 3, 7, 11, 25741
List the prime factors of 270407807.
270407807
List the prime factors of 466859510.
2, 5, 13, 53, 67759
What are the prime factors of 188490307?
73, 2582059
What are the prime factors of 280555003?
280555003
List the prime factors of 314949828.
2, 3, 233, 112643
List the prime factors of 2063259596.
2, 997, 517367
List the prime factors of 31414809.
3, 19, 383, 1439
What are the prime factors of 17679464?
2, 11, 200903
List the prime factors of 822687590.
2, 5, 193, 401, 1063
List the prime factors of 348478996.
2, 87119749
List the prime factors of 80637692.
2, 223, 90401
What are the prime factors of 2472654680?
2, 5, 19, 3253493
What are the prime factors of 51469337?
139, 379, 977
What are the prime factors of 1370112387?
3, 7, 65243447
List the prime factors of 243952622.
2, 121976311
List the prime factors of 1261635847.
113, 11164919
What are the prime factors of 339058549?
339058549
What are the prime factors of 907139379?
3, 6397, 47269
List the prime factors of 1582784816.
2, 19, 37, 140717
What are the prime factors of 100809824?
2, 149, 21143
What are the prime factors of 115301469?
3, 38433823
What are the prime factors of 2608540249?
7, 89, 127, 32969
List the prime factors of 1135069858.
2, 13, 113, 211, 1831
List the prime factors of 677959060.
2, 5, 131, 258763
What are the prime factors of 143649562?
2, 7, 10260683
List the prime factors of 4451103580.
2, 5, 7, 11, 23887
List the prime factors of 109781358.
2, 3, 107, 307, 557
What are the prime factors of 1247595504?
2, 3, 3833, 6781
List the prime factors of 186871391.
7, 26695913
What are the prime factors of 30886366?
2, 7, 41, 7687
List the prime factors of 608731003.
1753, 347251
List the prime factors of 1202216841.
3, 7, 277, 68891
What are the prime factors of 1156354664?
2, 6269, 23057
What are the prime factors of 91197805?
5, 73, 249857
List the prime factors of 73710370.
2, 5, 7371037
List the prime factors of 58278524.
2, 2339, 6229
What are the prime factors of 76202294?
2, 7, 79, 68899
What are the prime factors of 343197418?
2, 19, 9031511
What are the prime factors of 125329886?
2, 11, 5696813
What are the prime factors of 280008436?
2, 73, 958933
What are the prime factors of 54776737?
17, 29, 111109
List the prime factors of 885093886.
2, 442546943
List the prime factors of 49360369.
23, 2146103
What are the prime factors of 591590882?
2, 295795441
List the prime factors of 650467341.
3, 8030461
What are the prime factors of 362122960?
2, 5, 509, 8893
List the prime factors of 1251846396.
2, 3, 431, 80681
List the prime factors of 6756450.
2, 3, 5, 31, 1453
What are the prime factors of 1032705480?
2, 3, 5, 19, 31, 769
List the prime factors of 8987014568.
2, 7, 160482403
List the prime factors of 34360756.
2, 8590189
What are the prime factors of 77132051?
77132051
List the prime factors of 518414420.
2, 5, 607, 42703
What are the prime factors of 15076804?
2, 19, 53, 197
List the prime factors of 190420015.
5, 38084003
List the prime factors of 7936416.
2, 3, 17, 1621
List the prime factors of 3262934322.
2, 3, 103, 1759943
List the prime factors of 212552670.
2, 3, 5, 11, 61, 10559
What are the prime factors of 275835317?
8539, 32303
List the prime factors of 50493783.
3, 2969, 5669
List the prime factors of 1761301860.
2, 3, 5, 4481, 6551
List the prime factors of 615861716.
2, 153965429
List the prime factors of 1025113906.
2, 17, 61, 494269
List the prime factors of 354889200.
2, 3, 5, 37, 7993
List the prime factors of 2414375922.
2, 3, 7, 8212163
List the prime factors of 721885729.
41, 17606969
What are the prime factors of 543058595?
5, 108611719
List the prime factors of 13619472.
2, 3, 47, 6037
What are the prime factors of 107969535?
3, 5, 2399323
List the prime factors of 4313988742.
2, 7, 53, 5814001
What are the prime factors of 107751434?
2, 7, 7696531
List the prime factors of 96819700.
2, 5, 968197
List the prime factors of 90455173.
90455173
What are the prime factors of 1396629350?
2, 5, 167, 167261
List the prime factors of 227925457.
191, 239, 4993
What are the prime factors of 143902320?
2, 3, 5, 89, 6737
What are the prime factors of 120730446?
2, 3, 19, 117671
List the prime factors of 119505577.
119505577
List the prime factors of 17227689.
3, 5742563
List the prime factors of 14281709.
13